 of 410 and 9635?
205
Calculate the greatest common factor of 15396 and 12.
12
What is the highest common divisor of 2533 and 1490?
149
Calculate the highest common divisor of 174 and 261.
87
What is the greatest common divisor of 2451 and 57?
57
What is the greatest common divisor of 94 and 5029?
47
Calculate the highest common divisor of 4239 and 108.
27
Calculate the greatest common factor of 72 and 18936.
72
Calculate the greatest common divisor of 28 and 104.
4
Calculate the highest common divisor of 208 and 455.
13
Calculate the highest common factor of 20 and 860.
20
What is the highest common divisor of 16 and 240?
16
What is the greatest common divisor of 7895 and 5?
5
Calculate the highest common factor of 82 and 205.
41
Calculate the greatest common factor of 36 and 348.
12
What is the highest common factor of 297 and 2849?
11
Calculate the greatest common factor of 320 and 590.
10
Calculate the greatest common factor of 405 and 435.
15
What is the greatest common divisor of 2820 and 840?
60
What is the highest common divisor of 16 and 2312?
8
Calculate the greatest common divisor of 28 and 623.
7
What is the greatest common divisor of 33 and 88?
11
What is the highest common factor of 8 and 25?
1
Calculate the greatest common factor of 902 and 2.
2
Calculate the greatest common divisor of 2296 and 35.
7
Calculate the greatest common factor of 722 and 114.
38
Calculate the greatest common divisor of 901 and 51.
17
Calculate the highest common factor of 27 and 837.
27
Calculate the greatest common factor of 670 and 40.
10
Calculate the highest common factor of 150 and 400.
50
Calculate the highest common factor of 48 and 9684.
12
What is the highest common factor of 3 and 771?
3
What is the greatest common factor of 8 and 32?
8
What is the highest common factor of 100 and 380?
20
Calculate the greatest common factor of 80 and 144.
16
What is the highest common divisor of 7154 and 154?
14
What is the highest common factor of 330 and 5709?
33
Calculate the highest common factor of 740 and 15355.
185
Calculate the highest common divisor of 150 and 250.
50
What is the highest common divisor of 3406 and 10?
2
What is the greatest common divisor of 10 and 5870?
10
Calculate the greatest common factor of 135 and 16875.
135
What is the highest common divisor of 147 and 273?
21
What is the highest common divisor of 4508 and 92?
92
What is the greatest common divisor of 55 and 1595?
55
What is the greatest common factor of 108 and 1305?
9
What is the highest common divisor of 304 and 80?
16
What is the greatest common divisor of 2726 and 58?
58
Calculate the highest common factor of 150 and 165.
15
Calculate the greatest common divisor of 388 and 8.
4
What is the greatest common factor of 1498 and 535?
107
Calculate the highest common factor of 8 and 142.
2
Calculate the greatest common divisor of 8 and 256.
8
What is the highest common divisor of 17 and 2159?
17
Calculate the highest common divisor of 130 and 234.
26
What is the highest common factor of 986 and 17?
17
Calculate the highest common divisor of 43 and 989.
43
What is the greatest common factor of 553 and 21?
7
What is the greatest common divisor of 20 and 140?
20
Calculate the greatest common divisor of 196 and 532.
28
Calculate the greatest common factor of 47 and 12.
1
Calculate the highest common divisor of 10125 and 125.
125
Calculate the highest common divisor of 62 and 434.
62
Calculate the highest common divisor of 10 and 32.
2
Calculate the greatest common factor of 145 and 14790.
145
Calculate the greatest common factor of 5 and 25.
5
Calculate the greatest common divisor of 338 and 2470.
26
Calculate the highest common factor of 145 and 45.
5
What is the greatest common divisor of 122 and 24156?
122
Calculate the greatest common divisor of 5675 and 454.
227
Calculate the highest common factor of 93 and 70587.
93
Calculate the highest common factor of 3865 and 20.
5
What is the highest common divisor of 6 and 75?
3
What is the greatest common divisor of 110 and 320?
10
What is the highest common factor of 444 and 36?
12
Calculate the highest common divisor of 50 and 30.
10
Calculate the highest common divisor of 208 and 13.
13
What is the highest common factor of 49 and 7?
7
Calculate the greatest common factor of 13 and 143.
13
Calculate the greatest common divisor of 4592 and 2583.
287
What is the greatest common divisor of 260 and 1700?
20
Calculate the highest common divisor of 11 and 902.
11
Calculate the greatest common factor of 10549 and 274.
137
What is the highest common factor of 558 and 27?
9
Calculate the highest common divisor of 42 and 12.
6
What is the greatest common factor of 697 and 164?
41
What is the greatest common factor of 10 and 31?
1
Calculate the highest common factor of 63 and 357.
21
What is the highest common factor of 12126 and 258?
258
Calculate the greatest common divisor of 23 and 1633.
23
What is the highest common divisor of 880 and 550?
110
What is the greatest common divisor of 7130 and 46?
46
What is the greatest common divisor of 304 and 64?
16
What is the highest common factor of 40 and 1620?
20
What is the greatest common divisor of 70934 and 58?
58
What is the greatest common factor of 275 and 165?
55
Calculate the greatest common factor of 33775 and 175.
175
Calculate the greatest common factor of 25 and 5.
5
What is the highest common divisor of 8 and 568?
8
Calculate the greatest common divisor of 25 and 3550.
25
What is the greatest common factor of 5728 and 96?
32
Calculate the highest common factor of 51 and 51.
51
What is the greatest common divisor of 3302 and 508?
254
What is the highest common divisor of 2924 and 68?
68
What is the highest common divisor of 132 and 4092?
132
What is the highest common divisor of 336 and 12?
12
Calculate the highest common factor of 2945 and 95.
95
Calculate the greatest common factor of 12 and 93.
3
What is the highest common factor of 9180 and 85?
85
Calculate the highest common divisor of 1648 and 8.
8
Calculate the greatest common divisor of 54 and 549.
9
What is the highest common divisor of 73 and 73?
73
What is the greatest common divisor of 31 and 93?
31
What is the greatest common factor of 12768 and 64?
32
Calculate the greatest common divisor of 5377 and 19.
19
What is the highest common divisor of 28075 and 25?
25
What is the greatest common divisor of 1209 and 78?
39
Calculate the greatest common divisor of 15247 and 193.
193
What is the greatest common factor of 675 and 25?
25
Calculate the highest common divisor of 16 and 456.
8
What is the greatest common factor of 98 and 4?
2
What is the highest common divisor of 136 and 3332?
68
What is the greatest common divisor of 60 and 2775?
15
Calculate the greatest common factor of 23212 and 56.
28
Calculate the highest common divisor of 7 and 56.
7
What is the greatest common factor of 76 and 2850?
38
Calculate the highest common factor of 4532 and 396.
44
Calculate the highest common divisor of 425 and 340.
85
What is the greatest common divisor of 1175 and 611?
47
Calculate the highest common factor of 9952 and 96.
32
What is the highest common divisor of 35 and 826?
7
Calculate the greatest common factor of 69 and 93.
3
What is the highest common factor of 32 and 2432?
32
Calculate the highest common factor of 657 and 99.
9
What is the highest common factor of 275 and 75?
25
Calculate the greatest common factor of 199 and 1.
1
What is the greatest common factor of 51 and 2193?
51
What is the highest common divisor of 5728 and 4?
4
What is the highest common divisor of 14 and 3878?
14
What is the highest common divisor of 176 and 33?
11
What is the highest common divisor of 25 and 5300?
25
Calculate the highest common factor of 17 and 1.
1
Calculate the highest common factor of 639 and 9.
9
What is the highest common divisor of 506 and 874?
46
Calculate the highest common factor of 2132 and 8036.
164
What is the greatest common factor of 4 and 94?
2
What is the greatest common divisor of 1267 and 1991?
181
Calculate the highest common divisor of 26 and 22945.
13
Calculate the greatest common divisor of 40 and 5.
5
What is the highest common factor of 54 and 54?
54
Calculate the highest common factor of 64 and 416.
32
Wha